{"id":200071,"date":"2026-04-03T09:06:38","date_gmt":"2026-04-03T13:06:38","guid":{"rendered":"https:\/\/parachutevoltige.com\/?post_type=product&#038;p=200071"},"modified":"2026-04-03T09:13:50","modified_gmt":"2026-04-03T13:13:50","slug":"camp-vr-1-2026","status":"publish","type":"product","link":"https:\/\/parachutevoltige.com\/fr\/produit\/camp-vr-1-2026\/","title":{"rendered":"Camp de VR avec Marcel"},"content":{"rendered":"","protected":false},"excerpt":{"rendered":"<p class=\"p1\">Pr\u00e9requis :<\/p>\n<p class=\"p1\">&#8211; Licence B<\/p>\n<p class=\"p1\">Appuy\u00e9 par une base solide de sauteurs chevronn\u00e9s, venez perfectionner votre savoir-faire en VR : sorties accroch\u00e9es, dives, techniques d\u2019appontage et d\u00e9rives en groupe. Sauts film\u00e9s, briefings et d\u00e9briefings personnalis\u00e9s.<\/p>\n<p class=\"p1\">L\u2019occasion id\u00e9ale de d\u00e9montrer vos habilet\u00e9s en vue de vous inscrire \u00e0 d\u2019autres \u00e9v\u00e9nements.<\/p>\n<p>Prix taxes en sus<\/p>\n","protected":false},"featured_media":1510,"template":"","meta":{"_acf_changed":false,"_exactmetrics_skip_tracking":false,"_exactmetrics_sitenote_active":false,"_exactmetrics_sitenote_note":"","_exactmetrics_sitenote_category":0,"ngg_post_thumbnail":0},"product_brand":[],"product_cat":[15],"product_tag":[],"class_list":{"0":"post-200071","1":"product","2":"type-product","3":"status-publish","4":"has-post-thumbnail","6":"product_cat-non-categorise","8":"first","9":"instock","10":"taxable","11":"shipping-taxable","12":"purchasable","13":"product-type-simple"},"exclude_global_add_ons":false,"addons":[{"name":"Date de l'\u00e9v\u00e9nement","type":"multiple_choice","position":0,"required":true,"title_format":"label","default":"","description_enable":false,"description":"","placeholder_enable":false,"placeholder":"","display":"select","restrictions_type":"any_text","adjust_price":false,"price":"","price_type":"flat_fee","restrictions":false,"min":"0","max":"0","options":[{"label":"2026-05-23#2026-05-24","price":"","price_type":"flat_fee","image":0,"visibility":true}],"id":1673516249},{"name":"Type d'achat","type":"multiple_choice","position":0,"required":true,"title_format":"hide","default":"","description_enable":false,"description":"","placeholder_enable":false,"placeholder":"","display":"select","restrictions_type":"any_text","adjust_price":false,"price":"","price_type":"flat_fee","restrictions":false,"min":"0","max":"0","options":[{"label":"J'ach\u00e8te un saut pour moi","price":"","price_type":"flat_fee","image":0,"visibility":true},{"label":"J'ach\u00e8te un saut \u00e0 offrir \u00e0 une autre personne","price":"","price_type":"flat_fee","image":0,"visibility":true}],"id":1697018937},{"name":"Offrir \u00e0","type":"custom_text","position":1,"required":false,"title_format":"hide","default":"","description_enable":false,"description":"","placeholder_enable":false,"placeholder":"","display":"select","restrictions_type":"any_text","adjust_price":false,"price":"","price_type":"flat_fee","restrictions":false,"min":"0","max":"0","options":[],"id":1697018938}],"acf":[],"yoast_head":"<!-- This site is optimized with the Yoast SEO plugin v27.4 - https:\/\/yoast.com\/product\/yoast-seo-wordpress\/ -->\n<title>Camp de VR avec Marcel - Parachute Voltige<\/title>\n<meta name=\"robots\" content=\"index, follow, max-snippet:-1, max-image-preview:large, max-video-preview:-1\" \/>\n<link rel=\"canonical\" href=\"https:\/\/parachutevoltige.com\/fr\/produit\/camp-vr-1-2026\/\" \/>\n<meta property=\"og:locale\" content=\"fr_CA\" \/>\n<meta property=\"og:type\" content=\"article\" \/>\n<meta property=\"og:title\" content=\"Camp de VR avec Marcel - Parachute Voltige\" \/>\n<meta property=\"og:description\" content=\"Pr\u00e9requis : - Licence B Appuy\u00e9 par une base solide de sauteurs chevronn\u00e9s, venez perfectionner votre savoir-faire en VR : sorties accroch\u00e9es, dives, techniques d\u2019appontage et d\u00e9rives en groupe. Sauts film\u00e9s, briefings et d\u00e9briefings personnalis\u00e9s. L\u2019occasion id\u00e9ale de d\u00e9montrer vos habilet\u00e9s en vue de vous inscrire \u00e0 d\u2019autres \u00e9v\u00e9nements. Prix taxes en sus\" \/>\n<meta property=\"og:url\" content=\"https:\/\/parachutevoltige.com\/fr\/produit\/camp-vr-1-2026\/\" \/>\n<meta property=\"og:site_name\" content=\"Parachute Voltige\" \/>\n<meta property=\"article:publisher\" content=\"https:\/\/www.facebook.com\/ParachuteVoltige\/\" \/>\n<meta property=\"article:modified_time\" content=\"2026-04-03T13:13:50+00:00\" \/>\n<meta property=\"og:image\" content=\"https:\/\/parachutevoltige.com\/wp-content\/uploads\/2019\/03\/2017-Juin-Camp-VR-IMG_5186-1024x683.jpg\" \/>\n\t<meta property=\"og:image:width\" content=\"1024\" \/>\n\t<meta property=\"og:image:height\" content=\"683\" \/>\n\t<meta property=\"og:image:type\" content=\"image\/jpeg\" \/>\n<meta name=\"twitter:card\" content=\"summary_large_image\" \/>\n<meta name=\"twitter:label1\" content=\"Estimation du temps de lecture\" \/>\n\t<meta name=\"twitter:data1\" content=\"1 minute\" \/>\n<script type=\"application\/ld+json\" class=\"yoast-schema-graph\">{\"@context\":\"https:\\\/\\\/schema.org\",\"@graph\":[{\"@type\":\"WebPage\",\"@id\":\"https:\\\/\\\/parachutevoltige.com\\\/fr\\\/produit\\\/camp-vr-1-2026\\\/\",\"url\":\"https:\\\/\\\/parachutevoltige.com\\\/fr\\\/produit\\\/camp-vr-1-2026\\\/\",\"name\":\"Camp de VR avec Marcel - Parachute Voltige\",\"isPartOf\":{\"@id\":\"https:\\\/\\\/parachutevoltige.com\\\/fr\\\/#website\"},\"primaryImageOfPage\":{\"@id\":\"https:\\\/\\\/parachutevoltige.com\\\/fr\\\/produit\\\/camp-vr-1-2026\\\/#primaryimage\"},\"image\":{\"@id\":\"https:\\\/\\\/parachutevoltige.com\\\/fr\\\/produit\\\/camp-vr-1-2026\\\/#primaryimage\"},\"thumbnailUrl\":\"https:\\\/\\\/parachutevoltige.com\\\/wp-content\\\/uploads\\\/2019\\\/03\\\/2017-Juin-Camp-VR-IMG_5186.jpg\",\"datePublished\":\"2026-04-03T13:06:38+00:00\",\"dateModified\":\"2026-04-03T13:13:50+00:00\",\"breadcrumb\":{\"@id\":\"https:\\\/\\\/parachutevoltige.com\\\/fr\\\/produit\\\/camp-vr-1-2026\\\/#breadcrumb\"},\"inLanguage\":\"fr-CA\",\"potentialAction\":[{\"@type\":\"ReadAction\",\"target\":[\"https:\\\/\\\/parachutevoltige.com\\\/fr\\\/produit\\\/camp-vr-1-2026\\\/\"]}]},{\"@type\":\"ImageObject\",\"inLanguage\":\"fr-CA\",\"@id\":\"https:\\\/\\\/parachutevoltige.com\\\/fr\\\/produit\\\/camp-vr-1-2026\\\/#primaryimage\",\"url\":\"https:\\\/\\\/parachutevoltige.com\\\/wp-content\\\/uploads\\\/2019\\\/03\\\/2017-Juin-Camp-VR-IMG_5186.jpg\",\"contentUrl\":\"https:\\\/\\\/parachutevoltige.com\\\/wp-content\\\/uploads\\\/2019\\\/03\\\/2017-Juin-Camp-VR-IMG_5186.jpg\",\"width\":2903,\"height\":1935},{\"@type\":\"BreadcrumbList\",\"@id\":\"https:\\\/\\\/parachutevoltige.com\\\/fr\\\/produit\\\/camp-vr-1-2026\\\/#breadcrumb\",\"itemListElement\":[{\"@type\":\"ListItem\",\"position\":1,\"name\":\"Home\",\"item\":\"https:\\\/\\\/parachutevoltige.com\\\/fr\\\/\"},{\"@type\":\"ListItem\",\"position\":2,\"name\":\"BOUTIQUE EN LIGNE\",\"item\":\"https:\\\/\\\/parachutevoltige.com\\\/fr\\\/boutique\\\/\"},{\"@type\":\"ListItem\",\"position\":3,\"name\":\"Camp de VR avec Marcel\"}]},{\"@type\":\"WebSite\",\"@id\":\"https:\\\/\\\/parachutevoltige.com\\\/fr\\\/#website\",\"url\":\"https:\\\/\\\/parachutevoltige.com\\\/fr\\\/\",\"name\":\"Parachute Voltige\",\"description\":\"\",\"publisher\":{\"@id\":\"https:\\\/\\\/parachutevoltige.com\\\/fr\\\/#organization\"},\"potentialAction\":[{\"@type\":\"SearchAction\",\"target\":{\"@type\":\"EntryPoint\",\"urlTemplate\":\"https:\\\/\\\/parachutevoltige.com\\\/fr\\\/?s={search_term_string}\"},\"query-input\":{\"@type\":\"PropertyValueSpecification\",\"valueRequired\":true,\"valueName\":\"search_term_string\"}}],\"inLanguage\":\"fr-CA\"},{\"@type\":\"Organization\",\"@id\":\"https:\\\/\\\/parachutevoltige.com\\\/fr\\\/#organization\",\"name\":\"Voltige | \u00c9cole de parachutisme\",\"url\":\"https:\\\/\\\/parachutevoltige.com\\\/fr\\\/\",\"logo\":{\"@type\":\"ImageObject\",\"inLanguage\":\"fr-CA\",\"@id\":\"https:\\\/\\\/parachutevoltige.com\\\/fr\\\/#\\\/schema\\\/logo\\\/image\\\/\",\"url\":\"https:\\\/\\\/parachutevoltige.com\\\/wp-content\\\/uploads\\\/2019\\\/05\\\/Voltige_logo.png\",\"contentUrl\":\"https:\\\/\\\/parachutevoltige.com\\\/wp-content\\\/uploads\\\/2019\\\/05\\\/Voltige_logo.png\",\"width\":462,\"height\":132,\"caption\":\"Voltige | \u00c9cole de parachutisme\"},\"image\":{\"@id\":\"https:\\\/\\\/parachutevoltige.com\\\/fr\\\/#\\\/schema\\\/logo\\\/image\\\/\"},\"sameAs\":[\"https:\\\/\\\/www.facebook.com\\\/ParachuteVoltige\\\/\"]}]}<\/script>\n<!-- \/ Yoast SEO plugin. -->","yoast_head_json":{"title":"Camp de VR avec Marcel - Parachute Voltige","robots":{"index":"index","follow":"follow","max-snippet":"max-snippet:-1","max-image-preview":"max-image-preview:large","max-video-preview":"max-video-preview:-1"},"canonical":"https:\/\/parachutevoltige.com\/fr\/produit\/camp-vr-1-2026\/","og_locale":"fr_CA","og_type":"article","og_title":"Camp de VR avec Marcel - Parachute Voltige","og_description":"Pr\u00e9requis : - Licence B Appuy\u00e9 par une base solide de sauteurs chevronn\u00e9s, venez perfectionner votre savoir-faire en VR : sorties accroch\u00e9es, dives, techniques d\u2019appontage et d\u00e9rives en groupe. Sauts film\u00e9s, briefings et d\u00e9briefings personnalis\u00e9s. L\u2019occasion id\u00e9ale de d\u00e9montrer vos habilet\u00e9s en vue de vous inscrire \u00e0 d\u2019autres \u00e9v\u00e9nements. Prix taxes en sus","og_url":"https:\/\/parachutevoltige.com\/fr\/produit\/camp-vr-1-2026\/","og_site_name":"Parachute Voltige","article_publisher":"https:\/\/www.facebook.com\/ParachuteVoltige\/","article_modified_time":"2026-04-03T13:13:50+00:00","og_image":[{"width":1024,"height":683,"url":"https:\/\/parachutevoltige.com\/wp-content\/uploads\/2019\/03\/2017-Juin-Camp-VR-IMG_5186-1024x683.jpg","type":"image\/jpeg"}],"twitter_card":"summary_large_image","twitter_misc":{"Estimation du temps de lecture":"1 minute"},"schema":{"@context":"https:\/\/schema.org","@graph":[{"@type":"WebPage","@id":"https:\/\/parachutevoltige.com\/fr\/produit\/camp-vr-1-2026\/","url":"https:\/\/parachutevoltige.com\/fr\/produit\/camp-vr-1-2026\/","name":"Camp de VR avec Marcel - Parachute Voltige","isPartOf":{"@id":"https:\/\/parachutevoltige.com\/fr\/#website"},"primaryImageOfPage":{"@id":"https:\/\/parachutevoltige.com\/fr\/produit\/camp-vr-1-2026\/#primaryimage"},"image":{"@id":"https:\/\/parachutevoltige.com\/fr\/produit\/camp-vr-1-2026\/#primaryimage"},"thumbnailUrl":"https:\/\/parachutevoltige.com\/wp-content\/uploads\/2019\/03\/2017-Juin-Camp-VR-IMG_5186.jpg","datePublished":"2026-04-03T13:06:38+00:00","dateModified":"2026-04-03T13:13:50+00:00","breadcrumb":{"@id":"https:\/\/parachutevoltige.com\/fr\/produit\/camp-vr-1-2026\/#breadcrumb"},"inLanguage":"fr-CA","potentialAction":[{"@type":"ReadAction","target":["https:\/\/parachutevoltige.com\/fr\/produit\/camp-vr-1-2026\/"]}]},{"@type":"ImageObject","inLanguage":"fr-CA","@id":"https:\/\/parachutevoltige.com\/fr\/produit\/camp-vr-1-2026\/#primaryimage","url":"https:\/\/parachutevoltige.com\/wp-content\/uploads\/2019\/03\/2017-Juin-Camp-VR-IMG_5186.jpg","contentUrl":"https:\/\/parachutevoltige.com\/wp-content\/uploads\/2019\/03\/2017-Juin-Camp-VR-IMG_5186.jpg","width":2903,"height":1935},{"@type":"BreadcrumbList","@id":"https:\/\/parachutevoltige.com\/fr\/produit\/camp-vr-1-2026\/#breadcrumb","itemListElement":[{"@type":"ListItem","position":1,"name":"Home","item":"https:\/\/parachutevoltige.com\/fr\/"},{"@type":"ListItem","position":2,"name":"BOUTIQUE EN LIGNE","item":"https:\/\/parachutevoltige.com\/fr\/boutique\/"},{"@type":"ListItem","position":3,"name":"Camp de VR avec Marcel"}]},{"@type":"WebSite","@id":"https:\/\/parachutevoltige.com\/fr\/#website","url":"https:\/\/parachutevoltige.com\/fr\/","name":"Parachute Voltige","description":"","publisher":{"@id":"https:\/\/parachutevoltige.com\/fr\/#organization"},"potentialAction":[{"@type":"SearchAction","target":{"@type":"EntryPoint","urlTemplate":"https:\/\/parachutevoltige.com\/fr\/?s={search_term_string}"},"query-input":{"@type":"PropertyValueSpecification","valueRequired":true,"valueName":"search_term_string"}}],"inLanguage":"fr-CA"},{"@type":"Organization","@id":"https:\/\/parachutevoltige.com\/fr\/#organization","name":"Voltige | \u00c9cole de parachutisme","url":"https:\/\/parachutevoltige.com\/fr\/","logo":{"@type":"ImageObject","inLanguage":"fr-CA","@id":"https:\/\/parachutevoltige.com\/fr\/#\/schema\/logo\/image\/","url":"https:\/\/parachutevoltige.com\/wp-content\/uploads\/2019\/05\/Voltige_logo.png","contentUrl":"https:\/\/parachutevoltige.com\/wp-content\/uploads\/2019\/05\/Voltige_logo.png","width":462,"height":132,"caption":"Voltige | \u00c9cole de parachutisme"},"image":{"@id":"https:\/\/parachutevoltige.com\/fr\/#\/schema\/logo\/image\/"},"sameAs":["https:\/\/www.facebook.com\/ParachuteVoltige\/"]}]}},"_links":{"self":[{"href":"https:\/\/parachutevoltige.com\/fr\/wp-json\/wp\/v2\/product\/200071","targetHints":{"allow":["GET"]}}],"collection":[{"href":"https:\/\/parachutevoltige.com\/fr\/wp-json\/wp\/v2\/product"}],"about":[{"href":"https:\/\/parachutevoltige.com\/fr\/wp-json\/wp\/v2\/types\/product"}],"wp:featuredmedia":[{"embeddable":true,"href":"https:\/\/parachutevoltige.com\/fr\/wp-json\/wp\/v2\/media\/1510"}],"wp:attachment":[{"href":"https:\/\/parachutevoltige.com\/fr\/wp-json\/wp\/v2\/media?parent=200071"}],"wp:term":[{"taxonomy":"product_brand","embeddable":true,"href":"https:\/\/parachutevoltige.com\/fr\/wp-json\/wp\/v2\/product_brand?post=200071"},{"taxonomy":"product_cat","embeddable":true,"href":"https:\/\/parachutevoltige.com\/fr\/wp-json\/wp\/v2\/product_cat?post=200071"},{"taxonomy":"product_tag","embeddable":true,"href":"https:\/\/parachutevoltige.com\/fr\/wp-json\/wp\/v2\/product_tag?post=200071"}],"curies":[{"name":"wp","href":"https:\/\/api.w.org\/{rel}","templated":true}]}}

<p class="p1">Prérequis :</p>
<p class="p1">&#8211; Licence B</p>
<p class="p1">Appuyé par une base solide de sauteurs chevronnés, venez perfectionner votre savoir-faire en VR : sorties accrochées, dives, techniques d’appontage et dérives en groupe. Sauts filmés, briefings et débriefings personnalisés.</p>
<p class="p1">L’occasion idéale de démontrer vos habiletés en vue de vous inscrire à d’autres événements.</p>
<p>Prix taxes en sus</p>

Date de l'événement

J'achète un saut pour moi

J'achète un saut à offrir à une autre personne

Offrir à

<!-- This site is optimized with the Yoast SEO plugin v27.4 - https://yoast.com/product/yoast-seo-wordpress/ -->
<title>Camp de VR avec Marcel - Parachute Voltige</title>
<meta name="robots" content="index, follow, max-snippet:-1, max-image-preview:large, max-video-preview:-1" />
<link rel="canonical" href="https://parachutevoltige.com/fr/produit/camp-vr-1-2026/" />
<meta property="og:locale" content="fr_CA" />
<meta property="og:type" content="article" />
<meta property="og:title" content="Camp de VR avec Marcel - Parachute Voltige" />
<meta property="og:description" content="Prérequis : - Licence B Appuyé par une base solide de sauteurs chevronnés, venez perfectionner votre savoir-faire en VR : sorties accrochées, dives, techniques d’appontage et dérives en groupe. Sauts filmés, briefings et débriefings personnalisés. L’occasion idéale de démontrer vos habiletés en vue de vous inscrire à d’autres événements. Prix taxes en sus" />
<meta property="og:url" content="https://parachutevoltige.com/fr/produit/camp-vr-1-2026/" />
<meta property="og:site_name" content="Parachute Voltige" />
<meta property="article:publisher" content="https://www.facebook.com/ParachuteVoltige/" />
<meta property="article:modified_time" content="2026-04-03T13:13:50+00:00" />
<meta property="og:image" content="https://parachutevoltige.com/wp-content/uploads/2019/03/2017-Juin-Camp-VR-IMG_5186-1024x683.jpg" />
	<meta property="og:image:width" content="1024" />
	<meta property="og:image:height" content="683" />
	<meta property="og:image:type" content="image/jpeg" />
<meta name="twitter:card" content="summary_large_image" />
<meta name="twitter:label1" content="Estimation du temps de lecture" />
	<meta name="twitter:data1" content="1 minute" />
<script type="application/ld+json" class="yoast-schema-graph">{"@context":"https:\/\/schema.org","@graph":[{"@type":"WebPage","@id":"https:\/\/parachutevoltige.com\/fr\/produit\/camp-vr-1-2026\/","url":"https:\/\/parachutevoltige.com\/fr\/produit\/camp-vr-1-2026\/","name":"Camp de VR avec Marcel - Parachute Voltige","isPartOf":{"@id":"https:\/\/parachutevoltige.com\/fr\/#website"},"primaryImageOfPage":{"@id":"https:\/\/parachutevoltige.com\/fr\/produit\/camp-vr-1-2026\/#primaryimage"},"image":{"@id":"https:\/\/parachutevoltige.com\/fr\/produit\/camp-vr-1-2026\/#primaryimage"},"thumbnailUrl":"https:\/\/parachutevoltige.com\/wp-content\/uploads\/2019\/03\/2017-Juin-Camp-VR-IMG_5186.jpg","datePublished":"2026-04-03T13:06:38+00:00","dateModified":"2026-04-03T13:13:50+00:00","breadcrumb":{"@id":"https:\/\/parachutevoltige.com\/fr\/produit\/camp-vr-1-2026\/#breadcrumb"},"inLanguage":"fr-CA","potentialAction":[{"@type":"ReadAction","target":["https:\/\/parachutevoltige.com\/fr\/produit\/camp-vr-1-2026\/"]}]},{"@type":"ImageObject","inLanguage":"fr-CA","@id":"https:\/\/parachutevoltige.com\/fr\/produit\/camp-vr-1-2026\/#primaryimage","url":"https:\/\/parachutevoltige.com\/wp-content\/uploads\/2019\/03\/2017-Juin-Camp-VR-IMG_5186.jpg","contentUrl":"https:\/\/parachutevoltige.com\/wp-content\/uploads\/2019\/03\/2017-Juin-Camp-VR-IMG_5186.jpg","width":2903,"height":1935},{"@type":"BreadcrumbList","@id":"https:\/\/parachutevoltige.com\/fr\/produit\/camp-vr-1-2026\/#breadcrumb","itemListElement":[{"@type":"ListItem","position":1,"name":"Home","item":"https:\/\/parachutevoltige.com\/fr\/"},{"@type":"ListItem","position":2,"name":"BOUTIQUE EN LIGNE","item":"https:\/\/parachutevoltige.com\/fr\/boutique\/"},{"@type":"ListItem","position":3,"name":"Camp de VR avec Marcel"}]},{"@type":"WebSite","@id":"https:\/\/parachutevoltige.com\/fr\/#website","url":"https:\/\/parachutevoltige.com\/fr\/","name":"Parachute Voltige","description":"","publisher":{"@id":"https:\/\/parachutevoltige.com\/fr\/#organization"},"potentialAction":[{"@type":"SearchAction","target":{"@type":"EntryPoint","urlTemplate":"https:\/\/parachutevoltige.com\/fr\/?s={search_term_string}"},"query-input":{"@type":"PropertyValueSpecification","valueRequired":true,"valueName":"search_term_string"}}],"inLanguage":"fr-CA"},{"@type":"Organization","@id":"https:\/\/parachutevoltige.com\/fr\/#organization","name":"Voltige | École de parachutisme","url":"https:\/\/parachutevoltige.com\/fr\/","logo":{"@type":"ImageObject","inLanguage":"fr-CA","@id":"https:\/\/parachutevoltige.com\/fr\/#\/schema\/logo\/image\/","url":"https:\/\/parachutevoltige.com\/wp-content\/uploads\/2019\/05\/Voltige_logo.png","contentUrl":"https:\/\/parachutevoltige.com\/wp-content\/uploads\/2019\/05\/Voltige_logo.png","width":462,"height":132,"caption":"Voltige | École de parachutisme"},"image":{"@id":"https:\/\/parachutevoltige.com\/fr\/#\/schema\/logo\/image\/"},"sameAs":["https:\/\/www.facebook.com\/ParachuteVoltige\/"]}]}</script>
<!-- / Yoast SEO plugin. -->

Prérequis : - Licence B Appuyé par une base solide de sauteurs chevronnés, venez perfectionner votre savoir-faire en VR : sorties accrochées, dives, techniques d’appontage et dérives en groupe. Sauts filmés, briefings et débriefings personnalisés. L’occasion idéale de démontrer vos habiletés en vue de vous inscrire à d’autres événements. Prix taxes en sus

Voltige | École de parachutisme
